 of j**3/3 + 3*j**2 + 8*j - 2. What is the units digit of x(-7)?
5
Suppose l + 4 = -l. Let p = 14 + l. Let d = p + -11. What is the units digit of d?
1
Let h = 80 + -115. Let z be (6/5)/((-14)/h). Suppose -5*q - z*x = 2*x - 50, q - x = 8. What is the units digit of q?
9
Suppose 0 = -4*h - 2*g + 4, 2*h - 2*g - 17 = -h. Let c = h + -3. Let f = 1 - c. What is the units digit of f?
1
Let p = 12 - 17. Let x(n) = 9 + n - 6*n**2 - 3 - n**3 + n**2. What is the units digit of x(p)?
1
Let m be 2/(-8) + (-39)/(-12). Suppose -3*k + z + 28 = 0, 4*k = -0*k + m*z + 34. What is the tens digit of k?
1
Let h = -27 - -76. What is the tens digit of h?
4
Suppose -4*i = -4*l - 63 + 15, -4*i + l + 45 = 0. Suppose 31 = q + i. What is the tens digit of q?
2
Let c(t) = t**2 - 7*t + 8. Let n be c(6). Let a(o) = o**3 + 2*o + 1. What is the tens digit of a(n)?
1
Let y be -2 + (-10)/2 - -2. Let n be -4 + 4 + 1*10. Let q = y + n. What is the units digit of q?
5
Let j = 45 - -71. Suppose -4*f - j = -6*f. What is the tens digit of f?
5
Let w(a) = -a**2 + 2*a + 2. Let k be w(3). What is the units digit of 9/18*(-22)/k?
1
Let v(r) be the first derivative of -r**2/2 + 6*r - 2. Let l be v(4). Suppose -8 = l*x, -3*m + x - 3*x - 2 = 0. What is the units digit of m?
2
Let p be (22/3)/(2/3). Suppose 2*s - p = -3. Suppose s = c - 3. What is the units digit of c?
7
Suppose -57 + 0 = -3*k. Suppose -5*f - 4 = -k. What is the units digit of f?
3
Suppose -3*y = -y - 8. Suppose h - y = 1. What is the units digit of h?
5
Let k = -11 + 33. What is the tens digit of k?
2
Suppose -5*b = -4*h + 227, 218 + 24 = 4*h - 2*b. What is the tens digit of h?
6
Let v(f) = -f**2 + 8*f - 12. Let a be v(6). Suppose -y - y = -3*p + 56, a = -3*y + 6. What is the tens digit of p?
2
Suppose 0*l - l + 17 = -3*g, 3*g + 21 = 3*l. Suppose -l*z = -3*z. Suppose 0*m - 4*m - 3*c + 51 = z, 3*m - c - 35 = 0. What is the tens digit of m?
1
Let s be 9 + 0 - (3 - 1). Suppose 3*d - s*d = o - 28, -4*d - 92 = -5*o. Let c = o - 12. What is the units digit of c?
8
Let f(s) = s**2 + 4*s + 2. Let c(a) = a**2 - 2*a - 5. Let y(o) = -2*o**2 + 3*o + 9. Let j(r) = -5*c(r) - 2*y(r). Let d be j(6). What is the units digit of f(d)?
7
Suppose -3*v - 8 - 6 = -5*r, -3*v = 5*r - 26. Suppose 0*t - r*t = -8. What is the units digit of t?
2
Let j = 17 - 13. What is the units digit of j?
4
Let z(b) = -6*b - 3. Let u be z(-2). What is the units digit of 6/u + 188/6?
2
Let b(d) = d + 2. Let n be b(4). Let c(q) = 2*q**2 - 9*q + 4. What is the tens digit of c(n)?
2
Let k(d) = d**3 + 9*d**2 + 6*d + 8. What is the tens digit of k(-6)?
8
Suppose 6*d + 72 = 9*d. What is the units digit of d?
4
Suppose 2*x = -2*x + 264. What is the units digit of x?
6
Let u = -80 + 149. What is the units digit of u?
9
Let c(i) = -9*i**3 + 3*i**2 + 2*i - 2. What is the units digit of c(-2)?
8
Let y(b) = -2*b**3 - 5*b**2 + 2*b - 3. What is the tens digit of y(-4)?
3
Suppose -b + 0*b - 3*j + 16 = 0, -170 = -5*b + 3*j. What is the units digit of b?
1
Suppose 12 = -2*w - 4*i, 0*w - 3 = -2*w - i. Suppose -4*k + 0 - w = 0, 5*p - 102 = -3*k. What is the units digit of p?
1
Suppose 5*p + 0*p = 2*o - 10, 0 = 5*o - 2*p - 25. Suppose -d = -3 - o. What is the units digit of d?
8
Suppose -6 - 6 = -4*d. Suppose -d*l - 2*l + 40 = 0. What is the units digit of l?
8
Suppose x + 7 = -p, -p + 5*x - 2 = -1. Let a = p - -6. Suppose -4*y + 1 + 19 = a. What is the units digit of y?
5
Let g(s) = -3*s**2 + 3*s. Let r be g(3). Let t = -8 - r. Suppose -t = -k - k. What is the units digit of k?
5
Let j = 256 + -51. Let u be (-10)/(-45) - j/(-9). Suppose -g + 3*g = 2*n + 40, -u = -g + 2*n. What is the units digit of g?
7
Let y(b) = -b**3 - 4*b**2 - 2*b. Let v be y(-3). Let m be v/(-1) - (-18)/2. Suppose 0*d - m = -3*d. What is the units digit of d?
4
Suppose 4*q + q = 5. Let l = -1 - q. What is the units digit of -2*l/((-8)/(-6))?
3
Let t = 1 + -2. Let i(u) = 3*u**3 + 1. Let m be i(t). What is the units digit of (m - -2 - -1)*1?
1
Let n(j) = -j**2 + 6*j + 9. Let r(m) = -2*m**2 + 13*m + 19. Let t(q) = -5*n(q) + 2*r(q). What is the units digit of t(7)?
4
Let u(n) be the third derivative of 1/24*n**4 + 1/120*n**6 - 1/30*n**5 + 0*n + 2*n**2 + 0*n**3 + 0. What is the units digit of u(2)?
2
Suppose 4*n + 12 = 7*n. Suppose -n*v + 7*v = 72. What is the units digit of v?
4
Let w(g) = -1 - g**3 + 2*g**3 - 11*g**2 + 10*g**2. Let l(a) = 7*a**3 - 10*a**2 - 2. Let z(v) = l(v) - 6*w(v). What is the units digit of z(4)?
4
Let v(i) = i + 5. Let m be 3/18 - 41/(-6). What is the tens digit of v(m)?
1
Let c = -46 - -73. What is the units digit of c?
7
Suppose 4*k + 2*i - 12 = 0, 4*k - 2*i = 5*k. Suppose k*w = w. Suppose f + 5 = n, n - 3*f - f - 5 = w. What is the units digit of n?
5
What is the units digit of (5/1)/((-10)/(-110))?
5
What is the units digit of 1 + 52/(2 - -2)?
4
Let y = 13 - 7. Suppose 124 = 10*z - y*z. What is the units digit of z?
1
Suppose 0 = -3*z + 5*j + 38, 3*z + 0*z - 4*j = 34. What is the tens digit of (0 - 3)*(-26)/z?
1
Let m(r) = -6*r**3 + 6*r**3 + 9*r**3. Suppose -4*n + 5*l = 21, 0 = 4*l - 29 + 9. What is the units digit of m(n)?
9
Let o = 57 - 2. What is the tens digit of o?
5
Let q = 5 - 17. Suppose 0 = -8*r + 4*r + 204. What is the units digit of (r/q)/((-2)/8)?
7
Let r = -23 + 63. What is the units digit of r?
0
What is the tens digit of (5 + -6)/((-3)/663)?
2
Suppose -4*t + 244 = 4*f - 0*f, 4*t = 4*f - 204. Suppose 3*h = -h + f. What is the units digit of h?
4
Let u be (-5 + 2 + -2)*1. Suppose 4*j = 3*b - j + 176, 248 = -5*b - 3*j. What is the tens digit of 2/(-5) + b/u?
1
Suppose -5*x - 144 = 4*s - 1052, 174 = x - 3*s. What is the units digit of x?
0
Let a = -17 + 29. What is the units digit of ((-8)/a)/(3/(-63))?
4
Let b be (-5 - (-4 - -2)) + -1. Let h = -2 - b. What is the units digit of h - (6/(-3) - 0)?
4
Let z(p) = -p**2 - 5*p + 1. Let w be z(-4). Suppose -41 - 13 = -5*a + 2*y, 0 = 4*a - w*y - 50. What is the units digit of a?
0
Let o be (-1524)/(-54) - (-4)/(-18). Suppose 2*n + 6 = o. What is the units digit of n?
1
Suppose -339 = -7*s + 4*s. Let c = s - 71. Suppose -3*n - 2*t + 24 = 0, 3*t + t - c = -5*n. What is the units digit of n?
6
Let g = 12 + -4. Let t be 3*(-5)/((-30)/(-4)). Let a = t + g. What is the units digit of a?
6
What is the tens digit of (1892/(-12) - 2/(-3))/(-1)?
5
Let d(v) = -v**3 - 6*v**2 - 3*v + 6. What is the units digit of d(-7)?
6
Let a(s) = s**2 - 2. Let m be a(-2). Suppose -2*n = 5*y - 4*n + 2, 5*y = -n + 1. Suppose -u = m*u + 12, y = q + 2*u - 10. What is the units digit of q?
8
Let y = 101 - 92. What is the units digit of y?
9
Let r(u) = -4*u + 29. What is the units digit of r(-11)?
3
Let h(b) = 13*b + 2. What is the tens digit of h(2)?
2
Let b be -14*((-15)/6)/(-5). Let h(r) = r**3 + 7*r**2 - 4*r + 8. What is the tens digit of h(b)?
3
Suppose 0 = -5*b - 2*l - 44, -l = -4*b - 11 - 32. Let t(n) be the first derivative of n**2/2 + 17*n - 3. What is the units digit of t(b)?
7
Let p(o) = 3*o**2 + 4*o - 3. Let b be p(-4). What is the tens digit of (b/(-4))/((-6)/24)?
2
Let z = 38 - -108. What is the tens digit of z?
4
Suppose 0 = -2*a - 6*t + 11*t + 15, -a = 2*t + 6. Let v = a - -5. What is the units digit of v?
5
Suppose 645 = 3*s + 9*j - 6*j, -5*j = -3*s + 653. What is the tens digit of s?
1
Let v(a) = 3*a - 2*a - 2 - 1. Let s be v(6). Suppose -k - 12 = -2*i, 2*k - 5*k - 15 = -s*i. What is the units digit of i?
7
What is the tens digit of -1 - (-13)/((-65)/(-630))?
2
Let c = -7 + 11. Suppose -v - 125 = -6*v - u, -4*u + 100 = c*v. What is the units digit of v?
5
Let l(m) = -m**3 + 7*m**2 - m + 6. Let x(p) = 2*p - 3. Let a be x(5). Let f be l(a). What is the units digit of (f - 1)*(-35)/10?
7
What is the tens digit of (76/(-1) + 2 - 0)/(-2)?
3
Let x(p) be the second derivative of 0 - 2*p - 1/6*p**3 + 6*p**2. What is the units digit of x(7)?
5
Suppose 5 + 11 = 4*m. What is the tens digit of (-7)/(14/m) - -18?
1
Suppose 5*i - i - 20 = 0. Let q = i - 8. Let v = -1 - q. What is the units digit of v?
2
Suppose -24*j = -3*j - 3087. What is the tens digit of j?
4
Let d = -3 + 1. What is the units digit of -3*(8/6 + d)?
2
Suppose -s = 4*d - 1076, d + 40 = 4*s + 309. What is the units digit of d?
9
Let r(y) be the second derivative of -y**4/12 - 2*y**3 + 8*y**2 +